01011100111?
-11001101011101000
In base 7, what is 25 + 230?
255
In base 6, what is 4231 + -3422?
405
In base 4, what is -100 + 1212023?
1211323
In base 6, what is -10504 - 2313?
-13221
In base 9, what is 6055 - 320?
5635
In base 11, what is 2 - -37999?
379a0
In base 8, what is -43017 - -1?
-43016
In base 15, what is 273d + 4?
2742
In base 10, what is 11 - 1972?
-1961
In base 8, what is 133323 - 21?
133302
In base 10, what is 52969 + 5?
52974
In base 2, what is -111 - -100000011000000101?
100000010111111110
In base 5, what is 1001 - 3?
443
In base 2, what is -10 + -1011001101010?
-1011001101100
In base 11, what is -2 + 782200?
7821a9
In base 7, what is -220 + 334?
114
In base 9, what is 332502 + 5?
332507
In base 14, what is d8 - -43b?
535
In base 5, what is -33 - -131210?
131122
In base 3, what is 121010112011 + 12?
121010112100
In base 6, what is -1 + 40431?
40430
In base 6, what is -20501 + -1?
-20502
In base 11, what is 35a922 + -1?
35a921
In base 7, what is 1253 + -223?
1030
In base 5, what is 2300203 - 12?
2300141
In base 7, what is -45 - -200463?
200415
In base 2, what is 10110000111011001 - -1?
10110000111011010
In base 15, what is 2426 + 62?
2488
In base 8, what is 5 - 33564?
-33557
In base 10, what is 6823 + 39?
6862
In base 15, what is 1 - -37ed?
37ee
In base 3, what is 1121211 + -1211?
1120000
In base 12, what is -1a285 + 37?
-1a24a
In base 11, what is -135 - -3408?
3283
In base 11, what is 296 - -71?
357
In base 11, what is 310375 - -1?
310376
In base 4, what is 1020313 + -12?
1020301
In base 14, what is -4 - 3644?
-3648
In base 12, what is 1a0 + -45?
157
In base 10, what is 22 - -3332?
3354
In base 7, what is 464 - -22524?
23321
In base 9, what is 10 + 31073?
31083
In base 16, what is -396ce + -3?
-396d1
In base 8, what is 3 - -2413533?
2413536
In base 7, what is -1201045 + -5?
-1201053
In base 2, what is -11000101100010111011 - -101?
-11000101100010110110
In base 15, what is 95d9 + -d?
95cb
In base 3, what is -11 + -10112112021?
-10112112102
In base 8, what is 573235 - 1?
573234
In base 16, what is 446 + c5?
50b
In base 13, what is 150 + 123?
273
In base 5, what is -142 + -42333?
-43030
In base 9, what is 0 + 201045?
201045
In base 16, what is 1665 - -a?
166f
In base 13, what is 4 - 712?
-70b
In base 13, what is -4378 + 203?
-4175
In base 11, what is -4890 + -370?
-5150
In base 8, what is -12 + -10032?
-10044
In base 6, what is 5 + -454405?
-454400
In base 11, what is 43a - 33?
407
In base 12, what is 38 - 631?
-5b5
In base 3, what is 12 + -2220100111?
-2220100022
In base 3, what is -12 + 122201021?
122201002
In base 3, what is 11 - 1201021111111?
-1201021111100
In base 14, what is -1 + 2d71?
2d70
In base 3, what is 1111000101100 - -12?
1111000101112
In base 16, what is 46e2 + 39?
471b
In base 2, what is 1001011 + 111111110100?
1000000111111
In base 11, what is 5a - -3a1?
450
In base 13, what is -19 + -1a5?
-1c1
In base 3, what is 12 + 11201011022?
11201011111
In base 14, what is -5b882 + -3?
-5b885
In base 10, what is 5747 - 0?
5747
In base 6, what is -304251 - -103?
-304144
In base 10, what is -1709 - -795?
-914
In base 6, what is -13 - 2555?
-3012
In base 3, what is -11110202101 - 1?
-11110202102
In base 14, what is -20 - ca?
-10a
In base 13, what is 5 + 25520?
25525
In base 14, what is 58 - 246?
-1cc
In base 11, what is 4 - a975?
-a971
In base 16, what is 12c5 + 9?
12ce
In base 13, what is 3 + -5bba?
-5bb7
In base 10, what is -547 - 87?
-634
In base 2, what is 100110101 + 1001000000?
1101110101
In base 11, what is 58373 - -5?
58378
In base 10, what is -6 + -473?
-479
In base 6, what is 13331 + 1224?
14555
In base 10, what is 5 - -10048?
10053
In base 6, what is -1 - -205113?
205112
In base 9, what is -32208 + 0?
-32208
In base 11, what is -12 + -a26?
-a38
In base 6, what is 4420 + 13245?
22105
In base 2, what is -11110111000111110101 - 10?
-11110111000111110111
In base 8, what is 70 + 24654?
24744
In base 15, what is -60 - -807?
797
In base 13, what is -21759 + 3?
-21756
In base 16, what is 5 - -bc3c8?
bc3cd
In base 9, what is 87682 - -30?
87722
In base 3, what is 201 + 10020210?
10021111
In base 13, what is -48179 + -4?
-48180
In base 6, what is 2424554 + 5?
2425003
In base 3, what is 11 + 12011200?
12011211
In base 8, what is 2346 - -30?
2376
In base 6, what is -2044 + -41415?
-43503
In base 4, what is -31 + -11330?
-12021
In base 6, what is 1454133 + -5?
1454124
In base 13, what is 40 + 162?
1a2
In base 5, what is -2 - 44141400?
-44141402
In base 11, what is -318976 + 4?
-318972
In base 11, what is -488 + -4665?
-5042
In base 2, what is 1011 + -1000010100001?
-1000010010110
In base 13, what is 2 - -2a708?
2a70a
In base 14, what is -2279c - -1?
-2279b
In base 6, what is -1 - 1121002?
-1121003
In base 16, what is 1d5a + a?
1d64
In base 3, what is -1102122122112 - -12?
-1102122122100
In base 8, what is 216 - -2000?
2216
In base 3, what is -101100101 - -220?
-101022111
In base 11, what is 7a013 + 0?
7a013
In base 14, what is -88d - -3c?
-851
In base 14, what is 231 - -1808?
1a39
In base 4, what is 33010 - -3?
33013
In base 11, what is 30719 - -19?
30737
In base 15, what is -3 - 473?
-476
In base 7, what is 301255 + -5?
301250
In base 4, what is -1302 - -302?
-1000
In base 16, what is 145f - 1b8?
12a7
In base 11, what is -2465 + 26?
-243a
In base 6, what is 42010 + -1?
42005
In base 11, what is 13 + 671?
684
In base 3, what is 11011221 + -2101?
11002120
In base 7, what is -3 + -242540?
-242543
In base 15, what is 191 + 155?
2e6
In base 8, what is -41013 + -17?
-41032
In base 3, what is -220 - 11001202021?
-11001210011
In base 5, what is 4103 + 1014?
10122
In base 3, what is 1 + -10012222211?
-10012222210
In base 14, what is 2 - 44b46?
-44b44
In base 8, what is 16673 - -1?
16674
In base 2, what is 10100100101 - -1110001?
10110010110
In base 12, what is -2 - 179b0?
-179b2
In base 15, what is 1c - -c79?
c96
In base 15, what is 169 - 0?
169
In base 7, what is 5 - -32101?
32106
In base 8, what is 4 - 7202?
-7176
In base 4, what is 312031232 + -11?
312031221
In base 2, what is 101 - 1001000010110011010?
-1001000010110010101
In base 10, what is -1 + 313?
312
In base 14, what is -c9 - -1089?
da0
In base 10, what is 15 + 1981?
1996
In base 12, what is 1 + 59176?
59177
In base 13, what is 8178a + 3?
81790
In base 6, what is 4 - 3040450?
-3040442
In base 11, what is -22932 + -19?
-22950
In base 4, what is 20212203 - 20?
20212123
In base 11, what is 4156 - -6?
4161
In base 8, what is -26202 + -4?
-26206
In base 6, what is 14250201 + 3?
14250204
In base 2, what is 11110011101 - 11000?
11110000101
In base 6, what is 44200 - -142?
44342
In base 10, what is -1534 - 9?
-1543
In base 5, what is 0 + -2121341?
-2121341
In base 8, what is 2 - -3004452?
3004454
In base 14, what is -7 - 38c?
-395
In base 8, what is -411374 + -5?
-411401
In base 13, what is a4a - -151?
b9b
In base 12, what is 1599aa + -5?
1599a5
In base 12, what is 7 - -242?
249
In base 4, what is 101001302 - 2?
101001300
In base 13, what is 1028 - 20?
1008
In base 15, what is -b7 - -5d?
-59
In base 9, what is 14743 + 5?
14748
In base 9, what is -25188 + 144?
-25044
In base 2, what is 10100100011 - -1011111000?
100000011011
In base 5, what is -241144 - -103?
-241041
In base 7, what is 1055 + -520?
235
In base 16, what is -be52 - 0?
-be52
In base 4, what is 11332 - -10333?
22331
In base 6, what is -10034 - 15510?
-25544
In base 15, what is -129617 - -1?
-129616
In base 11, what is -35 + -22a8?
-2332
In base 7, what is 44632506 - -3?
44632512
In base 13, what is 1b - -32b?
349
In base 15, what is -2349 + -6?
-2350
In base 3, what is 2 + 12122002001?
12122002010
In base 5, what is 10 - 204430034?
-204430024
In base 5, what is 233424 + -2?
233422
In base 3, what is -21201 + -10002020?
-10100221
In base 11, what is 5 - -1944a?
19454
In base 9, what is -1372 + 4718?
3336
In base 15, what is 3 + 23ad4?
23ad7
In base 8, what is 35 - 135170?
-135133
In base 14, what is 21d - 19?
204
In base 8, what is -2 + 76424?
76422
In base 13, what is a8304 + -5?
a82cc
In base 9, what is 181 - -1664?
1855
In base 9, what is -62 + 1453?
1381
In base 14, what is -562c7 + -3?
-562ca
In base 8, what is 1 + 76375?
76376
In base 8, what is 1132 - 10?
1122
In base 15, what is 0 - -a9553?
a9553
In base 15, w